u + h. List the prime factors of l.
2, 5
Let x be (-2)/((-1)/((-9)/6)). Let u = x + 3. List the prime factors of (-1 - -2) + u + 2.
3
List the prime factors of ((-1)/2)/(3/(-42)).
7
Suppose -6*o - 29 + 209 = 0. List the prime factors of o.
2, 3, 5
Let i = 71 + -18. List the prime factors of i.
53
Let v = 1 + 2. Suppose -v*o = 3*f - o - 41, -31 = -f - 5*o. Suppose -46 + f = -5*h. List the prime factors of h.
7
Suppose 2*s = 2*n - 0*n + 26, 0 = 2*s + 4*n - 8. What are the prime factors of s?
2, 5
Suppose 3*z = 7*z - 256. What are the prime factors of z?
2
Let l = -4 - -7. Let x be 1 + -1 + 1*l. Suppose 9 = -0*j + x*j. What are the prime factors of j?
3
Suppose 4*d = -5 + 17. Suppose d*t = 4*t - 3. What are the prime factors of t?
3
Let a(g) be the third derivative of -g**4/12 + g**3/2 - g**2. Let h be a(6). What are the prime factors of (-58)/(-6) + 6/h?
3
Let i be 15/(-2) - (-1)/2. Let n(s) = -2*s. What are the prime factors of n(i)?
2, 7
Let k = -5 - -8. Let d(b) be the first derivative of b**4/4 - 4*b**3/3 + 3*b**2/2 + 2*b - 2. What are the prime factors of d(k)?
2
Let k be (-8)/(-36) + 2/(-9). Suppose 2*b - f - 2 = k, 0 = b + b - 2*f + 2. List the prime factors of b.
3
Suppose -3*p + 14 = 4*c, 2*p + c = -3*c + 12. Let j be (-2)/(4 + -4 + p). What are the prime factors of (-14)/(-8) - j/4?
2
What are the prime factors of -6*((-1)/(-2) + 60/(-8))?
2, 3, 7
Let k be (-2308)/(-16) - (-2)/(-8). Suppose 0 = 2*c + p + 4*p - k, 5*p - 308 = -4*c. Suppose -c = -4*j - 2*a - 22, 2*j + 4*a = 36. List the prime factors of j.
2, 7
Suppose -10 = c + 7. Let b = -10 - c. Suppose 0 = -4*k + 20, 2*z + 110 = b*z - 2*k. List the prime factors of z.
2, 3
Let w(a) = 2*a + 56. List the prime factors of w(0).
2, 7
Let u = 21 + -19. Let o = 48 + u. What are the prime factors of o?
2, 5
Suppose 3*q = k + 4*k + 236, q - 4*k - 81 = 0. What are the prime factors of q?
7, 11
Suppose -3*f - 2*m = -4*m + 113, 0 = -3*f + m - 109. Suppose 4*t - 206 = 2*b, 5*b + 5 + 69 = t. Let v = t + f. What are the prime factors of v?
2, 7
Suppose 13 = 4*v - 5*t, -2*v + 3*v + 3 = -5*t. Suppose -v*a + 8 = -44. List the prime factors of a.
2, 13
Let s = 238 - 141. List the prime factors of s.
97
Let l(m) = -m**3 + 4*m**2 - 2*m - 1. Let o be l(2). Let f = o + -1. What are the prime factors of f?
2
Let p = -3 - -1. Suppose 0*h + h - 87 = 0. What are the prime factors of p/(-6) + h/9?
2, 5
Let s(f) = -f**2 - 12*f - 2. List the prime factors of s(-11).
3
Let z(x) = -x**2 + 12*x + 2. What are the prime factors of z(11)?
13
Let g(o) = 0*o**2 - o**3 + 4*o**2 + 2*o**2 + 2. Let p be g(6). What are the prime factors of 1 - (p - 3) - -2?
2
Let v be 435/12 - (-1)/(-4). Suppose 3*m = -0*m - v. Let j = m - -20. What are the prime factors of j?
2
Let l be 2/(-10) - (-1)/5. Suppose 0*v + 3*v - 84 = l. What are the prime factors of v?
2, 7
Let f be (6/9)/(4/18). Suppose -t - 2*t + 5 = 4*a, 1 = 2*a + f*t. Suppose -20 = -2*g - i, a*g + 24 = 4*g - i. What are the prime factors of g?
11
Suppose x - 69 = -5*g, -5*x - 2*g + 387 = 2*g. What are the prime factors of x?
79
Suppose 4*s - 79 + 3 = 0. Let b = 29 - s. List the prime factors of b.
2, 5
Let o(v) = -4*v - 3. Let t be o(-2). Suppose -3*g + 51 = 3*f, 2*f - 27 = t*g + 7. List the prime factors of f.
17
Let v(w) = 3*w - 3. Let i be v(2). Let p be i/6*4*4. Let f = p - 6. List the prime factors of f.
2
Suppose b - 4*b = -159. What are the prime factors of b?
53
Suppose -2*s - 1 = -5. Suppose -120 = -4*t + a - s*a, -4*t = 3*a - 128. What are the prime factors of t?
29
Let f be 4/(-6) + (-22)/(-6). Suppose 5*v = -a + 65, -4*v - f*a = -42 - 10. List the prime factors of v.
13
Suppose 14 = 4*h - 5*y, y = -6*h + 3*h + 1. Let o = -20 + 12. List the prime factors of h - o/(-6)*-3.
5
Suppose -5*j + 4*i = -180, 3*i + 195 = 5*j + 2*i. Suppose 3*d = 2*d + 15. List the prime factors of j/d - (-2)/6.
3
Let u = -13 - -9. List the prime factors of 54/u*(-24)/18.
2, 3
Suppose 0 = s - 54 - 86. What are the prime factors of s?
2, 5, 7
Suppose -z = 5*i - 151, -2*z = 5*i - 243 - 69. What are the prime factors of z?
7, 23
Let y be -8*(2 - (-24)/4). Let c = 101 + y. What are the prime factors of c?
37
Let l be (-6)/8 + 422/8. Suppose -q = q - 4*r - 34, 5*q + r = l. What are the prime factors of q?
11
Suppose q = 4*r - 16, -3*q - 17 = -6*q - r. Suppose -2*p + 26 = -q. What are the prime factors of p?
3, 5
Let q = 313 + -215. What are the prime factors of q?
2, 7
List the prime factors of 430*(0 - 16/(-20)).
2, 43
Let y(m) be the second derivative of 2*m**3/3 + m**2/2 - 3*m. What are the prime factors of y(2)?
3
Let g(w) = -109*w + 1. Let p be g(1). Let r = -3 - -11. List the prime factors of (r/(-6))/(8/p).
2, 3
Let v(m) be the second derivative of -2*m**3/3 - 6*m**2 + m. Let c be v(-12). Let g = c - 21. List the prime factors of g.
3, 5
Let l(x) = -3*x**2 + 8*x - 4. Let y be l(5). What are the prime factors of 3/((-27)/y)*3?
13
Let l = -49 - -109. Suppose d - 3*t + l = 6*d, 3*d - 7 = 4*t. List the prime factors of d.
3
Suppose 3*m = -3*f + 429, 0*m - m = 3*f - 141. What are the prime factors of m?
2, 3
Suppose -m - 2*m + 87 = 0. Suppose -7 = 2*l - m. Let v = l + -4. What are the prime factors of v?
7
Suppose 0*h - 28 = 4*h. Let p = 59 - 108. What are the prime factors of 14/p - 58/h?
2
Suppose 0 = 3*g - 4*l - l - 384, 4*l + 12 = 0. What are the prime factors of g?
3, 41
Let l(c) = -16 + 16 + c**3 + c - 5*c**2. List the prime factors of l(5).
5
Let s(b) = b**3 - b**2 - 3*b - 2. List the prime factors of s(5).
83
Suppose 2*n - 3*g - 1 = -2*n, -7 = -4*n - 3*g. Let v = 4 - n. What are the prime factors of v?
3
Let r(f) = -f**3 + 8*f**2 + 11*f - 9. Let n be r(9). Suppose -2*c + 31 = -b, 3*b = 6*b - n. List the prime factors of c.
17
Let y(h) be the first derivative of h**3/3 - 4*h**2 - 2*h - 2. Let s be y(8). What are the prime factors of 9 + (-3 + 0 - s)?
2
Let s(h) = h - 2. Let r be s(5). Let x be (1 - -1*7) + 0. Suppose -r*v = -x*v + 100. List the prime factors of v.
2, 5
List the prime factors of 4/(-22) + 167/11.
3, 5
Suppose -36*l + 43*l - 294 = 0. What are the prime factors of l?
2, 3, 7
What are the prime factors of 242/7 + (-18)/(-42)?
5, 7
Let l(x) be the third derivative of -x**5/60 + 5*x**4/12 - 7*x**3/6 - 2*x**2. What are the prime factors of l(8)?
3
Suppose 0 = -l + 3*l, 156 = 4*g + 3*l. What are the prime factors of g?
3, 13
Let f = 1 - 2. Let s be f*2*(2 - 4). What are the prime factors of s/(-10) - 44/(-10)?
2
Let a be (-96)/9 - (-2)/(-6). What are the prime factors of 2/a + 158/22?
7
Let s(c) = -c**3 - 6*c**2 - 6*c - 3. Suppose -3 - 6 = -3*n. Suppose -14 = 2*i - 2*a + 4*a, -i - n = -a. What are the prime factors of s(i)?
2
Let l = -8 - -14. Suppose -l = 2*n - 4*n. What are the prime factors of n?
3
Let x(f) = f + 9. Let j be x(-5). Suppose j*d + 5*q - 40 = 0, -68 = -4*d - 3*q + 5*q. List the prime factors of d.
3, 5
Suppose -3*s + 5 + 1 = 0. Suppose 0 = -s*a - 5*x + 15, -x + 2*x - 6 = -a. List the prime factors of a.
5
Let u(q) = -q + 9. Let x be u(8). What are the prime factors of (6/9)/(x/6)?
2
Let q be (-2)/1*(-2)/2. Suppose -q*k = -5*v - k + 39, -1 = v + 2*k. List the prime factors of v.
7
Let p be 57/12 + (-2)/(-8). Let q(t) = -t**3 + 4*t**2 + 7*t - 2. List the prime factors of q(p).
2
Let r be ((-24)/4)/(6/(-28)). Let d be r - -4*(-1)/(-2). Suppose 5*z - 3*z - d = 0. List the prime factors of z.
3, 5
Suppose -2*j = n - 9, 3*j - 2*n - 14 = -j. What are the prime factors of j?
2
Suppose -5*f = 2*n - 70, 0 = 4*f - 2*n - 29 - 27. Let t = f - 8. Let a(m) = -m**3 + 5*m**2 + 6*m + 6. What are the prime factors of a(t)?
2, 3
Let o = 29 + -17. Let w = o - 5. Suppose 3*s - w = -4*z, -3*z = -2*s - 7*z + 2. What are the prime factors of s?
5
Suppose 0 = 4*z - 0*z + i - 301, 3*z - 247 = -5*i. List the prime factors of z.
2, 37
Suppose 2*u - 101 = -2*p - 3*p, -3*u = -5*p + 86. List the prime factors of p.
19
Let t(h) = 3*h**2 - 9*h - 9. Let i(n) = -n**2 + 4*n + 4. Let c(w) = 9*i(w) + 4*t(w). What are the prime factors of c(-1)?
3
Let p(g) = -g**3 - 3*g**2 + 3*g + 5. Let f be p(-5). Suppose -4*x + 0*x = -f. What are the prime factors of x?
2, 5
Let l = 9 - 5. What are the prime factors of l?
2
Suppose 279 = 3*u + 96. List the prime factors of u.
61
What are the prime factors of 